*r + 57. Let o = -15 - k. What are the prime factors of o?
7
Let k(p) = p**3 - 5*p**2 + 2*p - 6. Let q be k(5). Let z(x) = -x**3 + 5*x**2 - 2*x - 2. List the prime factors of z(q).
2, 3
Let c(k) = 13*k - 27. What are the prime factors of c(12)?
3, 43
Let g(t) = t + 6. Let y be g(0). Suppose -y*p = -2*p - 28. List the prime factors of p.
7
Let u be ((-1)/2)/(-1)*-8. Suppose 3*k = 6*k - 33. Let v = k + u. What are the prime factors of v?
7
List the prime factors of 3 - 1/((-2 - -5) + -4).
2
Let c = -17 + 29. Suppose 0 = -2*h + 4*d + c, -2 = 5*h + d - 3*d. What are the prime factors of (-132)/(-10) - h/(-10)?
13
Let t be -1 + -7 - (1 + -4). Let d(v) = -5*v - 2. What are the prime factors of d(t)?
23
Let a be ((-376)/(-4))/2 - -1. Suppose -13*o + 12*o + a = 0. What are the prime factors of o?
2, 3
Suppose 0*x - x = -3*j + 161, 111 = 2*j + 3*x. Suppose -5*z - 14 = -j. List the prime factors of z.
2
Suppose -5 - 22 = -v. List the prime factors of v.
3
Let f = 278 + -127. List the prime factors of f.
151
Let v = -3 + 1. What are the prime factors of -2 + -1 + (v - -34)?
29
Let s = 11 + -8. List the prime factors of s + -6 + 4 - -6.
7
Suppose -5*h + 152 = -68. Suppose 8 + 7 = 5*p. Suppose c + p*c - h = 0. What are the prime factors of c?
11
Let c be (-258)/(-21) + (-4)/14. Suppose -3*o + 27 = -c. Suppose a = -0*a + o. List the prime factors of a.
13
Suppose -9 = -2*u - 1. Suppose 2*d - 5 - 13 = u*m, 0 = -3*d + 3*m + 30. What are the prime factors of d?
11
Suppose 0 = t - 2*t - 6. Let v(d) = d. Let j be v(t). List the prime factors of (j/5)/((-3)/30).
2, 3
Let j(b) = -3*b + 11. Let h be (-4)/10 - 423/(-45). Let m be j(h). Let c = m - -26. What are the prime factors of c?
2, 5
Let x(t) = 187*t**2 + t + 2. List the prime factors of x(1).
2, 5, 19
Let j = 43 - 26. List the prime factors of j.
17
Let i(m) = 3*m - 2*m**2 + 3 - 3*m**3 + 0*m**3 + m**3 + m**3. What are the prime factors of i(-3)?
3
Let a(b) = b**3 + 4*b**2 - 3*b + 5. Let j be a(-5). Let v(z) = z**3 + 6*z**2 + 5*z + 6. What are the prime factors of v(j)?
2, 3
Suppose -5*d + 366 = 36. What are the prime factors of d?
2, 3, 11
Let i be 1 - 3/(-3) - -6. Let k be ((-2)/i - -1)*-4. List the prime factors of 1*(2 + k) - -6.
5
Let w be -1*2*-11*3. What are the prime factors of 79/11 + (-12)/w?
7
What are the prime factors of 3*((-6)/(-4) + (-3090)/(-36))?
2, 131
Let r = 39 - 17. List the prime factors of r.
2, 11
Let u(z) = -2*z + 17. List the prime factors of u(6).
5
Let c(z) be the first derivative of z**4/12 + 4*z**3/3 - 9*z**2/2 - z - 2. Let y(k) be the first derivative of c(k). List the prime factors of y(-10).
11
What are the prime factors of (270/25)/(6/15)?
3
Let i(j) be the third derivative of -j**4/12 + 8*j**3/3 + 7*j**2. List the prime factors of i(-11).
2, 19
Let k(v) = 61*v - 5. What are the prime factors of k(3)?
2, 89
What are the prime factors of ((-44)/6 + 3)*-15?
5, 13
Let o(y) = y**2 - 4*y + 1. Let v be o(5). Let t be (-4 - -6)*3/2. Suppose -v = t*m - 27. List the prime factors of m.
7
Let v(p) = 9*p + 1. Let n be v(1). Let x = n + 5. List the prime factors of x.
3, 5
Let v(l) = -6*l + 9. Let i(a) = a - 1. Let w(q) = -4*i(q) - v(q). Let f be (1/(-3))/((-2)/30). List the prime factors of w(f).
5
Let k(q) = -q**3 - 6*q**2 + 8*q - 2. Let g(w) = w**2 + w - 7. Let t be g(0). Let j be k(t). List the prime factors of (6 - 4)*j/(-2).
3
Let r = 7 - 4. Let l(c) = -c**2 + 4*c. Let f be l(r). Suppose 2*z - f*b = -0*b + 29, -5*z + 59 = -3*b. List the prime factors of z.
2, 5
Suppose -p + 0*p = 0. List the prime factors of -1*(-15)/3 + p.
5
Suppose -6*f - 25 = -79. List the prime factors of f.
3
What are the prime factors of 216/4 + 1 + 0?
5, 11
Let w be (9/(-6))/(2/(-36)). Suppose w = 4*k + 7. Let o(l) = -l**2 + 6*l + 2. What are the prime factors of o(k)?
7
Suppose 0 = -0*b - b + u + 128, u - 628 = -5*b. What are the prime factors of b?
2, 3, 7
Let m be (-1)/(-2*(-4)/16). What are the prime factors of 5 + m + 22 + 0?
5
Let l = -5 + 8. Suppose 0 = l*w + 8 - 35. List the prime factors of w.
3
Let n(c) = 13 + 5*c**2 - 3 - 9*c**2 + c**3 + 5*c**2. Let t = 2 + -2. List the prime factors of n(t).
2, 5
Let g = 8 + -6. Let b be 6/2*g/(-2). What are the prime factors of -1 + (-3)/b + 8?
2
Let g(n) be the third derivative of -n**5/60 + 7*n**4/24 - n**3/6 - 2*n**2. Let m be g(6). Let j(d) = d**2 - 4*d + 6. What are the prime factors of j(m)?
11
Let d be (-3)/(3/(-5)) + -1. Suppose 3*h - 13 = -5*f, 0 = -0*h + 4*h + d*f - 20. Suppose -3*x = -33 + h. What are the prime factors of x?
3
Suppose 0 = 8*m - 3*m + 5. Let y(i) = -i**3 + 6*i**2 - 2*i - 3. Let o be y(3). List the prime factors of m/((-38)/o + 2).
3
Let x(j) = 2*j**2 + 1. Let p be x(1). Suppose -p*c - q - 6 = -20, -c = -3*q + 2. List the prime factors of c.
2
Let j = 17 + 3. Let u = j - 14. What are the prime factors of (u + -1)*8/10?
2
Suppose 0 = 7*r - 15*r + 1584. List the prime factors of r.
2, 3, 11
What are the prime factors of -2*(4 + 2*-5)?
2, 3
Suppose 0*b - 4 = -2*b. Let p be 1/2*7*2. Suppose 4*i - 32 = b*x + 2*x, -p = -4*i - x. List the prime factors of i.
3
Let m(z) = -z + 3. Suppose 20 = -3*g + f, 0*g - g = -2*f + 5. What are the prime factors of m(g)?
2, 5
Suppose 0 = -5*d + 5*s, -3*d - 4*s + 14 + 7 = 0. What are the prime factors of d?
3
Suppose -3*i + 1 = -l - 10, 4*i = l + 13. Let b(n) = 2*n**3 + n + 1. What are the prime factors of b(i)?
19
Let p = -17 + 10. Let t = -3 - p. List the prime factors of t.
2
Let y(a) = -a**2 + 6*a - 7. Let l be y(4). Suppose 5*s - 4*z - 39 = 0, 2*z = 3*z + l. List the prime factors of s.
7
Let l = -14 + 6. Let p = 10 - l. Let g = p - 11. List the prime factors of g.
7
Let z(v) be the second derivative of -v**5/20 - 7*v**4/12 - 2*v**3/3 - 5*v**2 - 3*v. What are the prime factors of z(-7)?
2, 3
Let k(j) = -j + 3. Suppose x + 1 = -2. Let a be k(x). Suppose 0 = 5*y + a - 41. List the prime factors of y.
7
Let d = 18 - 16. Suppose 2*x + 5 = -d*l + 27, -57 = -3*l + 5*x. List the prime factors of l.
2, 7
List the prime factors of (-1)/((-62)/61 - -1).
61
Let j be 2/4 - 316/(-8). Suppose -6*p + 2*p = -j. List the prime factors of p.
2, 5
Let b = 48 + -44. What are the prime factors of b?
2
Let b(c) = -c**3 - 6*c**2 + 6*c + 2. Let r be b(-6). Let z be (-8)/(-36) - r/9. Suppose 30 = 2*t - z. List the prime factors of t.
17
Let k = 2 + -53. What are the prime factors of k/(-34) + 6/4?
3
Let u(f) = 2*f**3 - 5*f**2 - 3*f - 8. What are the prime factors of u(5)?
2, 3, 17
Let v(t) = 34*t**3 - 4*t**2 - 4*t + 2. List the prime factors of v(2).
2, 5
Let v = 0 + 3. Suppose 0 = 5*m - u + 9 + 7, -v*m = -2*u + 11. What are the prime factors of (10/m)/(1/(-3))?
2, 5
Let j = -19 + 27. Let b = j + -4. List the prime factors of b.
2
Let x = -1 + 16. List the prime factors of x.
3, 5
Let o be 208/56 + 4/14. Suppose -2*l = -o*h + 12, 0*l = 2*l + 5*h + 3. List the prime factors of (7/l)/((-3)/12).
7
Let l(i) be the third derivative of -i**4/8 - i**2. Let s(w) = -3*w**2 + 6*w - 3. Let p be s(2). List the prime factors of l(p).
3
Let f = 142 + -85. Let d = f + -40. List the prime factors of d.
17
What are the prime factors of 4*2/8 - -14?
3, 5
Suppose 2*n = -10*n + 2100. What are the prime factors of n?
5, 7
Let l(z) be the second derivative of -1/2*z**2 - z + 0 + 1/4*z**4 + 0*z**3. List the prime factors of l(1).
2
Suppose -3*i + 3*w = -46 - 23, -90 = -4*i + 3*w. List the prime factors of i.
3, 7
Let g be (-1)/(2 - 11/5). Suppose g = n - 16. Let m = -12 + n. What are the prime factors of m?
3
Let d = -20 + 76. What are the prime factors of d?
2, 7
Let h = -6 - 0. List the prime factors of (-1)/(-2) - 111/h.
19
List the prime factors of (-15)/(-4)*100/15.
5
Let s(l) = -l**3 + 8*l**2 - 10*l + 8. Let q = 8 + -2. Let j be s(q). Suppose -2*p - g = -3*g - j, 5*g = 4*p - 35. List the prime factors of p.
3, 5
Let y(l) = l**2 - l - 2. Let w be y(-5). Let t = w + -14. What are the prime factors of t?
2, 7
Let z be (-7 + 1)*(-1)/3. Let y(w) = -3*w**z + 6*w**2 + 2*w - 2 + 4. What are the prime factors of y(-2)?
2, 5
Suppose -2*j + 83 = 2*j - 5*c, 5*c + 49 = 2*j. List the prime factors of j.
17
Suppose r - 3*a - 18 = 4*r, -r = -a - 2. List the prime factors of (3 - 1)/(r/(-33)).
3, 11
Suppose -18 = 2*t - 46. Let s = t + -6. List the prime fac